pose 130 = -n*h + 7*h. What is the remainder when h is divided by 7?
5
Let l(v) = 2*v**2 + 3*v - 2. Calculate the remainder when 95 is divided by l(3).
20
Let f(h) = 7*h + 2 + 9*h + 0 - 1. Calculate the remainder when f(1) is divided by (-2)/5 - 94/(-10).
8
Let o(r) = 11*r - 2. What is the remainder when (2/(-3))/((-4)/228) is divided by o(2)?
18
Let u(t) = 88*t + 6. Calculate the remainder when u(1) is divided by 12.
10
Suppose -z + 7 + 5 = 0. Suppose 0 = 4*c - 2*l - 18, -2*c = c - 2*l - z. Calculate the remainder when 21 is divided by c.
3
Suppose -4*r - 75 = -9*r. Calculate the remainder when r is divided by 8.
7
Suppose -b + q - 1 = -3*b, -3*b - 3*q = 3. Suppose -24 = -0*k - b*k. What is the remainder when k is divided by 5?
2
Let f = -8 - -12. Let u = 14 + f. What is the remainder when 35 is divided by u?
17
Let c be 6/(-9) + 16/(-3). Let h be (-3)/c*-6 + 1. Calculate the remainder when -78*1/h + 0 is divided by 10.
9
Suppose 5 = -4*i + 1. Let m = i - 0. Calculate the remainder when (-131)/(-5) + m/5 is divided by 9.
8
Suppose -t + 3*d = -426, 0 = -5*t + d + 3*d + 2097. Calculate the remainder when t is divided by 60.
57
Let w = 40 + -13. Let d = 50 - w. Calculate the remainder when d is divided by 6.
5
Suppose -4*f + 28 = -3*o - 32, f - o - 15 = 0. Calculate the remainder when 24 is divided by f.
9
Let p be (3/1)/(-3) - 65. What is the remainder when (p/2)/(-1 - 0) is divided by 12?
9
Suppose 3*c - 4 = 23. What is the remainder when c is divided by 3?
0
Let r(y) = y**3 - 4*y**2 - y - 7. Suppose 3*s + 0*s = -12. Let m(g) = g**2 - 2*g. Calculate the remainder when m(s) is divided by r(5).
11
Suppose 2*n = -n + 312. Suppose -w = -2*w. Suppose w = -4*g - 3*c + 92, -5*g - c + n = -0*g. Calculate the remainder when g is divided by 11.
9
Suppose -7*m + 17*m - 260 = 0. What is the remainder when 180 is divided by m?
24
Suppose -2*l + 7*l - g + 28 = 0, 5*g = 5*l + 20. Let x = l + 11. What is the remainder when 13 is divided by x?
3
Suppose 0 = 2*v + 2*v - 16, -5*g + 571 = -v. Calculate the remainder when g is divided by 40.
35
Let m = -10 - -14. Suppose -c = m*c + 450. Let i = -62 - c. Calculate the remainder when i is divided by 10.
8
Let b(d) = d - 4. Let i be b(6). Let m = i - 0. What is the remainder when 4 is divided by m?
0
Let g = -186 - -275. Calculate the remainder when g is divided by 26.
11
Let z be (4/(-5))/(8/(-240)). Calculate the remainder when z - -2 - 21/(-7) is divided by 10.
9
Let m(v) = v + 0 + 7 - 4*v. Suppose -4*a + 168 = -4*r, -a - 5*r = 2*a - 126. What is the remainder when a is divided by m(-5)?
20
Let w = 42 + -25. Suppose -b = 2*i - 14, i = -5*b - 4*i + 80. What is the remainder when w is divided by (-1)/((2 + -4)/b)?
8
What is the remainder when 100 is divided by 89/7 - 44/(-154)?
9
Let c(p) = -16*p - 5. Let d(q) = -17*q - 4. Let a(k) = -3*c(k) + 4*d(k). What is the remainder when a(-5) is divided by 25?
24
Suppose -4*a - 20 = -116. Suppose -5*w + 2*c = -a, -4*w + 2*c = -2 - 18. What is the remainder when w is divided by 3?
1
Let v(w) = -w + 9. What is the remainder when 23 is divided by v(0)?
5
Suppose 0 = -0*n - 4*n + 24. Let k = -3 + n. Suppose 2*u - 3 = -k*u + 4*y, 0 = -5*u - 4*y + 27. What is the remainder when 5 is divided by u?
2
Let a = 17 - 23. Let c(f) = -f**2 - 7*f + 7. Calculate the remainder when 50 is divided by c(a).
11
Let l = -5 - -8. What is the remainder when l is divided by 1?
0
Let i = 31 - 9. Calculate the remainder when 87 is divided by i.
21
Let j(u) = -8*u - 3. Let z = -6 - -3. Calculate the remainder when j(z) is divided by 8.
5
Let p(a) = -a + 5. Let w be p(3). Let c = -26 + 38. Suppose c = 5*k - 8*k, -5*m + w*k + 38 = 0. Calculate the remainder when 17 is divided by m.
5
Let q(u) = -u**3 - 4*u**2 - 6*u - 16. Calculate the remainder when 153 is divided by q(-5).
36
Suppose -3*a + 6*a + 14 = 2*j, -5*j = a - 52. Calculate the remainder when j is divided by 4.
2
Let h(j) = -27*j - 3. Calculate the remainder when h(-2) is divided by 18.
15
Let s(v) = -9*v - 1. Let b be s(-1). What is the remainder when 4 is divided by 36/16 + (-2)/b?
0
Let f(i) = 4*i + 4. Calculate the remainder when 69 is divided by f(5).
21
Let v(b) = -12*b**2 + 3*b + 4. Let w be v(4). What is the remainder when -1 + 1 + w/(-8) is divided by 8?
6
Suppose 0 = -5*x + 10 + 10. Calculate the remainder when 9/(-3)*(-20)/6 is divided by x.
2
Let w = -2 - -1. Let y = 8 + 13. Let f = y - w. What is the remainder when 64 is divided by f?
20
Let p = 286 - 149. Calculate the remainder when p is divided by 35.
32
Suppose 4*w - 46 = -2*z - 0*z, 2*w = z + 33. Calculate the remainder when 27 is divided by w.
13
Suppose -3*y + f = -0*y - 41, 0 = y + 2*f - 23. Calculate the remainder when 43 is divided by y.
13
Let j = 475 - 235. Suppose -5*u - 4*g + 115 = -164, 4*u - g - j = 0. What is the remainder when u is divided by 15?
14
Suppose 4*y - 2*h - 54 - 26 = 0, -2*h = 0. Let i(q) = -3*q - 7. What is the remainder when y is divided by i(-6)?
9
Suppose 14*k - 737 + 163 = 0. Calculate the remainder when k is divided by 4/20 - (-54)/5.
8
Suppose u + r = -4*u + 11, -2*r + 10 = 4*u. Suppose 0*d - 5*d = -5. What is the remainder when u is divided by d?
0
Suppose 0 = -5*a - 5*d + 36 + 4, 3*a + d - 34 = 0. Let g = -11 + a. Let r = 5 - 3. What is the remainder when g is divided by r?
0
Let b = -21 + 45. Let f = -4 - -8. Calculate the remainder when b is divided by (-2)/f*78/(-3).
11
Let m(s) = s**2 + 5*s - 12. What is the remainder when m(9) is divided by 23?
22
Suppose -3 - 27 = -2*o. Suppose 0 = -2*z + 4*x + 46, 4*z = -4*x - 40 + 108. What is the remainder when (o/(-6))/(2/(-44)) is divided by z?
17
Suppose -2*r - r = 0. Suppose r*f = -3*f + 9. What is the remainder when 6 is divided by f?
0
Suppose -x - 2*x = -12. Let a(d) = 2*d**2 + 1. Let j be a(1). Suppose 0 = 2*v + 2*g - 16, -v = j*v - 4*g - 40. What is the remainder when v is divided by x?
1
Suppose -26 = -c - 3*m + m, 3*c = -2*m + 70. Calculate the remainder when 84 is divided by c.
18
Suppose b + 5*x + 7 = 0, b + 4*x = 5*b - 68. Let y(c) = -c**2 + 13*c - 19. Calculate the remainder when y(7) is divided by b.
10
Let o be ((-90)/8)/5*-4. Let r = 21 - o. What is the remainder when 34 is divided by r?
10
Let i(q) = -12*q - 6. What is the remainder when i(-2) is divided by 4?
2
Let b(i) = -7*i**2 + i - 2. Let r(w) = -w**2. Let m(d) = -b(d) + 6*r(d). Calculate the remainder when 21 is divided by m(3).
5
Suppose 2*t - 24 = -0*t. Calculate the remainder when 22 is divided by t.
10
Let o = -89 + 177. Suppose 0 = 2*y + 2*y - 3*p - o, -4*p = y - 3. What is the remainder when 36 is divided by y?
17
Calculate the remainder when 55 is divided by 0 - 1 - (-2 + -13).
13
Suppose 16 + 14 = -5*s. Let j = 6 - s. Calculate the remainder when j is divided by 5.
2
Suppose -69 = -3*n + 96. Suppose -4*f + n + 65 = 0. Suppose 4*b - f = -2. What is the remainder when 26 is divided by b?
5
Let x(g) = -g**2 + 3*g + 6. Let n be x(-4). Let z(a) = -a**2 - 6*a + 1. What is the remainder when (-12)/16*(2 + n) is divided by z(-5)?
3
Let c be 2/6 + (-5)/(-3). Suppose -c*a - v + 38 = v, 0 = v + 1. Calculate the remainder when 57 is divided by a.
17
Suppose 0 = -g - 3*f + 65 - 20, 2*f = 4. Suppose 25 = 5*z, 0*t = -2*t - 5*z + g. What is the remainder when t is divided by 3?
1
Let f = -4 - -22. What is the remainder when 70 is divided by f?
16
Suppose -3*h = 2*h. Suppose -w + h = -4. Calculate the remainder when 29/3 - 1/(-3) is divided by w.
2
Let u be 832/6 - 1/(-3). Suppose 4*t + 2*h = 412, 3*h + 152 = 3*t - u. Let v = -70 + t. What is the remainder when v is divided by 11?
9
Suppose -3*d = -8*d + 10. Calculate the remainder when 3 is divided by d.
1
Suppose 0 = -6*k - 2*k + 16. What is the remainder when (2/(-2)*4)/(-2) is divided by k?
0
Let d(g) = g**2 + 3*g - 9. What is the remainder when d(-7) is divided by 10?
9
Calculate the remainder when 40 is divided by (1067/(-388))/(-1 + (-3)/(-4)).
7
Suppose -1 + 9 = 2*d. Suppose -6 = -t - 4*q, -d*q + 21 = 3*t - 5. Calculate the remainder when 39 is divided by t.
9
Suppose -d - 5*w + 28 = 0, -2*d + 5*w = 3*d - 50. What is the remainder when 37 is divided by d?
11
Suppose u - 1 = 0, 3*k - u = -12 - 70. Calculate the remainder when 6/k + 886/18 is divided by 17.
15
Let w(k) = 2*k**